802304?
2, 31, 72481
What are the prime factors of 1498257818?
2, 577, 1298317
What are the prime factors of 2588616677?
19, 1303, 104561
What are the prime factors of 3620084647?
3620084647
What are the prime factors of 2476084723?
7, 353726389
What are the prime factors of 130926784?
2, 2045731
What are the prime factors of 59327029?
277, 214177
What are the prime factors of 1208702056?
2, 283, 533879
List the prime factors of 25799887.
25799887
What are the prime factors of 65960297?
13, 23, 29, 7607
List the prime factors of 255841284.
2, 3, 21320107
List the prime factors of 80062670.
2, 5, 173, 46279
List the prime factors of 49462170.
2, 3, 5, 1648739
List the prime factors of 1625139307.
11, 147739937
What are the prime factors of 1234568828?
2, 173, 373, 4783
List the prime factors of 1800601027.
193, 9329539
What are the prime factors of 28623806?
2, 1583, 9041
What are the prime factors of 46907372?
2, 11726843
List the prime factors of 7856990881.
337, 23314513
What are the prime factors of 304933170?
2, 3, 5, 10164439
List the prime factors of 5231638.
2, 43, 127, 479
What are the prime factors of 5781317?
71, 107, 761
List the prime factors of 166642313.
17, 576617
List the prime factors of 185696004.
2, 3, 13, 1190359
List the prime factors of 2708636725.
5, 197, 549977
What are the prime factors of 569220478?
2, 47, 137, 44201
List the prime factors of 508321713.
3, 169440571
What are the prime factors of 287172131?
683, 420457
What are the prime factors of 2001960736?
2, 103, 5897
What are the prime factors of 255784375?
5, 7, 11, 1063
What are the prime factors of 66820553?
29, 2304157
List the prime factors of 450253499.
2819, 159721
List the prime factors of 391943401.
391943401
List the prime factors of 648009797.
23, 41, 687179
List the prime factors of 79081207.
199, 263, 1511
What are the prime factors of 995092617?
3, 107, 3099977
What are the prime factors of 594679352?
2, 23, 3231953
What are the prime factors of 587361373?
17, 23, 1502203
What are the prime factors of 129621946?
2, 64810973
What are the prime factors of 91241839?
13, 17, 412859
List the prime factors of 66778991.
31, 2154161
What are the prime factors of 217569169?
7159, 30391
What are the prime factors of 463552410?
2, 3, 5, 149, 103703
What are the prime factors of 209787439?
23, 9121193
What are the prime factors of 1830987076?
2, 4651, 98419
List the prime factors of 298059409.
383, 778223
What are the prime factors of 34199957?
11, 127, 24481
List the prime factors of 25880029.
7, 3697147
List the prime factors of 56208045.
3, 5, 283, 13241
What are the prime factors of 148886569?
13, 193, 59341
What are the prime factors of 100430580?
2, 3, 5, 19, 37, 2381
List the prime factors of 16822755.
3, 5, 29, 4297
List the prime factors of 74952106.
2, 109, 343817
List the prime factors of 4912825565.
5, 281, 3496673
What are the prime factors of 2823705803?
2823705803
List the prime factors of 528566814.
2, 3, 19, 81343
List the prime factors of 7490180814.
2, 3, 1248363469
List the prime factors of 1625044120.
2, 5, 7, 5803729
What are the prime factors of 117478988?
2, 11, 2669977
What are the prime factors of 20232483?
3, 6744161
List the prime factors of 527116264.
2, 65889533
List the prime factors of 1105782469.
11, 241, 417119
What are the prime factors of 64370308?
2, 997, 16141
What are the prime factors of 794317449?
3, 264772483
List the prime factors of 7171576971.
3, 13, 183886589
List the prime factors of 43615963.
19, 89, 25793
What are the prime factors of 480156021?
3, 587, 90887
List the prime factors of 633254086.
2, 316627043
List the prime factors of 242522152.
2, 89, 103, 3307
What are the prime factors of 114804570?
2, 3, 5, 17, 229, 983
List the prime factors of 5412845392.
2, 23, 907, 16217
What are the prime factors of 13776761?
433, 31817
List the prime factors of 726328297.
479, 1516343
What are the prime factors of 147554627?
11, 19, 706003
List the prime factors of 630606171.
3, 13, 16169389
What are the prime factors of 910214045?
5, 13, 14003293
What are the prime factors of 440055223?
151, 929, 3137
What are the prime factors of 771013080?
2, 3, 5, 237967
List the prime factors of 284037888.
2, 3, 369841
What are the prime factors of 69121081?
43, 233, 6899
List the prime factors of 828927894.
2, 3, 138154649
List the prime factors of 1741947251.
11, 23, 6885167
What are the prime factors of 7465036166?
2, 7, 367, 1452907
What are the prime factors of 11927031?
3, 3975677
List the prime factors of 246168620.
2, 5, 173, 71147
What are the prime factors of 50102064?
2, 3, 67, 577
List the prime factors of 2292726877.
7, 523, 641, 977
What are the prime factors of 51462398?
2, 13, 1979323
What are the prime factors of 104764590?
2, 3, 5, 7, 2053
What are the prime factors of 1218800960?
2, 5, 13, 31, 727
What are the prime factors of 805613937?
3, 268537979
What are the prime factors of 188310111?
3, 11, 61, 139, 673
What are the prime factors of 617251480?
2, 5, 19, 812173
List the prime factors of 3052508176.
2, 79, 2414959
List the prime factors of 53641359.
3, 23, 28793
What are the prime factors of 1181611394?
2, 71, 113, 211, 349
List the prime factors of 1087687568.
2, 11, 389, 15887
List the prime factors of 221712880.
2, 5, 37, 74903
List the prime factors of 27095783.
11, 13, 89, 2129
List the prime factors of 684191376.
2, 3, 11, 59, 7321
List the prime factors of 31801937.
41, 233, 3329
What are the prime factors of 531200472?
2, 3, 11, 2012123
List the prime factors of 837307003.
13, 37, 1740763
List the prime factors of 299201879.
1831, 163409
What are the prime factors of 2372169308?
2, 23, 37, 41, 739
List the prime factors of 264927138.
2, 3, 7, 157, 40177
What are the prime factors of 7073108329?
7, 8111, 124577
What are the prime factors of 476408305?
5, 227, 419743
What are the prime factors of 118233429?
3, 39411143
What are the prime factors of 66137586?
2, 3, 11022931
List the prime factors of 412197053.
23, 1931, 9281
List the prime factors of 3763360714.
2, 39383, 47779
What are the prime factors of 971507431?
509, 1908659
What are the prime factors of 181824590?
2, 5, 167, 108877
What are the prime factors of 4563096?
2, 3, 190129
List the prime factors of 272875371.
3, 4339, 20963
List the prime factors of 74544946.
2, 7, 5324639
List the prime factors of 33862920.
2, 3, 5, 7, 13, 443
What are the prime factors of 815734216?
2, 11, 9269707
List the prime factors of 2518858292.
2, 251, 2508823
What are the prime factors of 54340542?
2, 3, 3018919
What are the prime factors of 5627839975?
5, 31, 2659, 2731
What are the prime factors of 346256727?
3, 115418909
List the prime factors of 755818488.
2, 3, 3229, 3251
What are the prime factors of 178645696?
2, 2791339
List the prime factors of 7040988.
2, 3, 131, 1493
List the prime factors of 5519468449.
11, 501769859
List the prime factors of 3255886700.
2, 5, 11, 283, 10459
What are the prime factors of 3085336652?
2, 1583, 487261
What are the prime factors of 327898691?
347, 944953
List the prime factors of 2411129462.
2, 7, 172223533
What are the prime factors of 122068419?
3, 11, 307, 12049
List the prime factors of 49964542.
2, 24982271
List the prime factors of 4639077568.
2, 29, 151, 16553
What are the prime factors of 103859541?
3, 1433, 8053
List the prime factors of 89882923.
13, 257, 26903
List the prime factors of 2255957719.
41, 43, 107, 11959
What are the prime factors of 313757080?
2, 5, 7, 13, 86197
List the prime factors of 105590375.
5, 11, 41, 1873
What are the prime factors of 156476847?
3, 263, 198323
List the prime factors of 1033776750.
2, 3, 5, 47, 29327
List the prime factors of 579127930.
2, 5, 57912793
What are the prime factors of 940798658?
2, 461, 1020389
List the prime factors of 161071429.
353, 456293
What are the prime factors of 70093416?
2, 3, 59, 839
List the prime factors of 442032204.
2, 3, 1723, 21379
What are the prime factors of 145216916?
2, 13, 41, 68113
List the prime factors of 2455387005.
3, 5, 19, 2269, 3797
What are the prime factors of 232125191?
17, 61, 223843
List the prime factors of 120585426.
2, 3, 13, 911, 1697
What are the prime factors of 117137394?
2, 3, 11, 19, 97, 107
What are the prim